at is the remainder when 179559929 is divided by 13?
3
Calculate the remainder when 1921004 is divided by 2531.
2506
Calculate the remainder when 473815 is divided by 16918.
111
Calculate the remainder when 7201845 is divided by 28.
21
Calculate the remainder when 66989601 is divided by 1328.
1297
Calculate the remainder when 1530393 is divided by 184.
65
Calculate the remainder when 171542746 is divided by 13.
11
Calculate the remainder when 76671 is divided by 38332.
7
Calculate the remainder when 882912 is divided by 441232.
448
What is the remainder when 1397493 is divided by 1846?
71
What is the remainder when 1767866 is divided by 883924?
18
What is the remainder when 914396 is divided by 109?
104
Calculate the remainder when 314640 is divided by 1969.
1569
Calculate the remainder when 81411 is divided by 1629.
1590
What is the remainder when 38126 is divided by 4208?
254
Calculate the remainder when 2377326 is divided by 3732.
42
Calculate the remainder when 332967 is divided by 1632.
39
What is the remainder when 2997520 is divided by 749315?
260
What is the remainder when 134310 is divided by 67153?
4
What is the remainder when 17926969 is divided by 39?
34
What is the remainder when 172578 is divided by 24560?
658
Calculate the remainder when 30918 is divided by 170.
148
Calculate the remainder when 525434 is divided by 65365.
2514
Calculate the remainder when 196155 is divided by 5229.
2682
Calculate the remainder when 2062185 is divided by 3513.
54
What is the remainder when 213560 is divided by 1980?
1700
Calculate the remainder when 1151521 is divided by 67736.
9
What is the remainder when 5233277 is divided by 2002?
49
What is the remainder when 31558195 is divided by 20?
15
Calculate the remainder when 402668214 is divided by 14.
4
Calculate the remainder when 34055 is divided by 494.
463
What is the remainder when 55869382 is divided by 439916?
50
Calculate the remainder when 299568 is divided by 6806.
104
Calculate the remainder when 12525247 is divided by 4175076.
19
What is the remainder when 32303197 is divided by 3716?
9
Calculate the remainder when 3270532 is divided by 317.
43
Calculate the remainder when 5269264 is divided by 457.
54
What is the remainder when 4565781 is divided by 3372?
93
What is the remainder when 10379 is divided by 734?
103
Calculate the remainder when 726858 is divided by 363245.
368
Calculate the remainder when 20900320 is divided by 144.
16
What is the remainder when 288565 is divided by 944?
645
Calculate the remainder when 2364550 is divided by 2067.
1969
Calculate the remainder when 4209180 is divided by 1993.
1957
Calculate the remainder when 18059029 is divided by 3937.
10
Calculate the remainder when 1617362 is divided by 53.
14
Calculate the remainder when 1213749501 is divided by 2656.
2653
Calculate the remainder when 51618 is divided by 179.
66
Calculate the remainder when 2679415 is divided by 892963.
526
What is the remainder when 341111 is divided by 2630?
1841
What is the remainder when 1354395 is divided by 405?
75
What is the remainder when 21361005 is divided by 20?
5
What is the remainder when 95612 is divided by 95569?
43
Calculate the remainder when 564069610 is divided by 130.
0
Calculate the remainder when 62388 is divided by 11679.
3993
Calculate the remainder when 44129 is divided by 21220.
1689
Calculate the remainder when 22913295 is divided by 1139.
32
Calculate the remainder when 43716777 is divided by 432839.
38
Calculate the remainder when 26859818 is divided by 839369.
10
Calculate the remainder when 103350730 is divided by 12.
10
What is the remainder when 5985856 is divided by 70?
16
Calculate the remainder when 38490399 is divided by 1241625.
24
Calculate the remainder when 4403775 is divided by 208.
207
Calculate the remainder when 18170 is divided by 17771.
399
What is the remainder when 3792253 is divided by 3792232?
21
Calculate the remainder when 595164 is divided by 987.
3
Calculate the remainder when 2534174 is divided by 105584.
158
What is the remainder when 4410199 is divided by 97?
94
What is the remainder when 8010702 is divided by 39268?
30
Calculate the remainder when 26976 is divided by 485.
301
Calculate the remainder when 289634 is divided by 493.
243
Calculate the remainder when 70076 is divided by 5821.
224
Calculate the remainder when 25857 is divided by 25856.
1
What is the remainder when 7053 is divided by 52?
33
What is the remainder when 8929410 is divided by 29?
20
What is the remainder when 798668 is divided by 68?
8
What is the remainder when 3240568 is divided by 1079894?
886
What is the remainder when 274485 is divided by 137184?
117
Calculate the remainder when 5265 is divided by 914.
695
Calculate the remainder when 236756 is divided by 2387.
443
What is the remainder when 218449 is divided by 19844?
165
Calculate the remainder when 223471 is divided by 26.
1
Calculate the remainder when 991904 is divided by 1400.
704
What is the remainder when 9116872 is divided by 80?
72
Calculate the remainder when 17111954 is divided by 1082.
124
What is the remainder when 3877389 is divided by 11?
10
Calculate the remainder when 486700 is divided by 454.
12
What is the remainder when 6259 is divided by 4513?
1746
Calculate the remainder when 56930 is divided by 2237.
1005
What is the remainder when 80155120 is divided by 110?
100
Calculate the remainder when 227311726 is divided by 349.
348
Calculate the remainder when 526593 is divided by 792.
705
What is the remainder when 78904 is divided by 2247?
259
Calculate the remainder when 27575 is divided by 3445.
15
Calculate the remainder when 608780 is divided by 88.
84
Calculate the remainder when 402414 is divided by 570.
564
Calculate the remainder when 45179639 is divided by 99.
98
What is the remainder when 82515457 is divided by 7501405?
2
Calculate the remainder when 190310 is divided by 95049.
212
What is the remainder when 572395 is divided by 256?
235
What is the remainder when 77593757 is divided by 712?
709
Calculate the remainder when 1383881 is divided by 85.
81
What is the remainder when 70172641 is divided by 4127802?
7
Calculate the remainder when 2839270 is divided by 1419631.
8
What is the remainder when 92950 is divided by 30274?
2128
Calculate the remainder when 1060265 is divided by 212023.
150
Calculate the remainder when 138606 is divided by 1103.
731
What is the remainder when 3178266 is divided by 753?
606
What is the remainder when 2358940 is divided by 786279?
103
What is the remainder when 2349831 is divided by 3884?
11
What is the remainder when 2326320 is divided by 19386?
0
Calculate the remainder when 18048335 is divided by 154.
151
What is the remainder when 57051 is divided by 3800?
51
Calculate the remainder when 10974075 is divided by 2121.
21
What is the remainder when 150626 is divided by 50200?
26
Calculate the remainder when 3995949 is divided by 158.
129
Calculate the remainder when 54872 is divided by 406.
62
What is the remainder when 6486135 is divided by 844?
839
Calculate the remainder when 615749 is divided by 94.
49
What is the remainder when 202839 is divided by 6540?
99
What is the remainder when 697060 is divided by 3593?
18
Calculate the remainder when 19545 is divided by 9644.
257
What is the remainder when 194952 is divided by 3812?
540
What is the remainder when 2356856 is divided by 7677?
17
What is the remainder when 64522232 is divided by 123?
122
Calculate the remainder when 6670211 is divided by 1334038.
21
Calculate the remainder when 3860692 is divided by 428965.
7
Calculate the remainder when 281939792 is divided by 1264304.
0
Calculate the remainder when 533533 is divided by 561.
22
What is the remainder when 2385828 is divided by 4?
0
Calculate the remainder when 3941838 is divided by 435.
303
Calculate the remainder when 16266212 is divided by 53.
35
Calculate the remainder when 115863 is divided by 115846.
17
What is the remainder when 449456 is divided by 4450?
6
What is the remainder when 106427810 is divided by 6910?
6900
What is the remainder when 266899 is divided by 465?
454
Calculate the remainder when 8011249 is divided by 60.
49
Calculate the remainder when 8210079 is divided by 101.
92
What is the remainder when 2